umber?
False
Is 11404007 composite?
False
Is 46121249 a composite number?
False
Is 232657345 a prime number?
False
Is 17221147 composite?
False
Is 119501 composite?
True
Is 1417406 prime?
False
Is 11714957 a prime number?
False
Is 193064141 prime?
False
Is 2919757 a prime number?
True
Is 51754411 a composite number?
True
Is 128550839 a prime number?
False
Is 21093223 prime?
False
Is 14774038 a prime number?
False
Is 36293 a prime number?
True
Is 232603607 prime?
False
Is 25697137 prime?
True
Is 20156277 composite?
True
Is 15812011 a prime number?
True
Is 18556019 a composite number?
True
Is 195779723 a prime number?
True
Is 17098671 prime?
False
Is 31093301 a composite number?
False
Is 101746891 a prime number?
True
Is 55625347 composite?
False
Is 19928973 a prime number?
False
Is 10673713 a prime number?
True
Is 7892621 a composite number?
True
Is 21068893 a prime number?
True
Is 81961559 composite?
True
Is 985703 composite?
False
Is 2134091 a composite number?
True
Is 6892895 composite?
True
Is 56373287 a prime number?
True
Is 7244647 prime?
True
Is 9928823 composite?
True
Is 66651499 prime?
False
Is 1917809 prime?
False
Is 575219 prime?
True
Is 1919201 a composite number?
True
Is 4316693 a prime number?
True
Is 7083607 composite?
False
Is 19719433 a composite number?
False
Is 5544373 a prime number?
True
Is 1449779 composite?
False
Is 96191 composite?
True
Is 13074731 a composite number?
False
Is 176437 prime?
False
Is 314669123 a composite number?
False
Is 133158629 a prime number?
True
Is 10009165 composite?
True
Is 217997095 a prime number?
False
Is 293977 a composite number?
True
Is 1162661 composite?
True
Is 11815241 prime?
True
Is 26087421 prime?
False
Is 10980611 a composite number?
False
Is 283343 a prime number?
False
Is 923039537 prime?
False
Is 1621259 a prime number?
True
Is 3010361 a prime number?
False
Is 155519327 prime?
True
Is 40990429 composite?
True
Is 5701469 composite?
False
Is 34122503 a composite number?
False
Is 2680297 a composite number?
False
Is 4628909 prime?
False
Is 114218771 prime?
True
Is 1150703 a composite number?
False
Is 1927531 prime?
False
Is 275772577 a prime number?
False
Is 7630891 composite?
False
Is 4658455 composite?
True
Is 57353713 prime?
True
Is 5487491 a composite number?
True
Is 2814047 prime?
False
Is 53991523 prime?
False
Is 98574851 a prime number?
True
Is 94925681 composite?
False
Is 252247769 a prime number?
True
Is 201294577 prime?
False
Is 10447711 a composite number?
False
Is 26827321 prime?
True
Is 2142437 a composite number?
True
Is 67347499 a composite number?
True
Is 8575117 a prime number?
True
Is 157153301 a composite number?
False
Is 253573133 a composite number?
True
Is 8815327 composite?
True
Is 1783127 prime?
False
Is 813893 a composite number?
False
Is 932773 a composite number?
True
Is 10569921 a prime number?
False
Is 4272563 a prime number?
True
Is 323749057 composite?
True
Is 2043023491 composite?
False
Is 21279131 a composite number?
False
Is 253324061 a composite number?
False
Is 538205377 prime?
True
Is 2621899 prime?
False
Is 7218383 prime?
False
Is 13192687 prime?
False
Is 3764543 prime?
True
Is 488238919 a composite number?
True
Is 212767 a prime number?
False
Is 4760801 a composite number?
False
Is 122523337 composite?
True
Is 48767941 a prime number?
False
Is 11506319 a prime number?
False
Is 4931749 a prime number?
True
Is 360411059 composite?
False
Is 54097343 a prime number?
True
Is 46912591 prime?
False
Is 156905129 composite?
True
Is 109094719 prime?
True
Is 1974851 prime?
True
Is 16925527 composite?
True
Is 5047339 a composite number?
True
Is 1231171 a prime number?
True
Is 92766449 a prime number?
True
Is 4895119 a prime number?
True
Is 2048042 a prime number?
False
Is 5151521 prime?
True
Is 262121 composite?
False
Is 19354771 composite?
False
Is 47628977 a composite number?
True
Is 2127593 a composite number?
True
Is 24000203 a prime number?
True
Is 13050403 prime?
True
Is 3829009 prime?
False
Is 32306999 a prime number?
True
Is 521087 composite?
True
Is 63026989 a prime number?
True
Is 4751701 composite?
False
Is 64430543 prime?
False
Is 14663203 composite?
True
Is 582808391 a prime number?
False
Is 1378427 composite?
False
Is 5156471 a prime number?
True
Is 55030301 prime?
False
Is 5420581 composite?
True
Is 7807103 composite?
False
Is 165634837 a prime number?
False
Is 37305161 composite?
False
Is 366118691 prime?
True
Is 25176215 a composite number?
True
Is 552179 a composite number?
False
Is 9211231 composite?
False
Is 38264089 prime?
True
Is 2996251 a composite number?
True
Is 9174227 prime?
True
Is 34627655 a composite number?
True
Is 1404901 a composite number?
True
Is 15292423 a prime number?
True
Is 11764831 a prime number?
False
Is 3637039 prime?
False
Is 43575853 composite?
False
Is 12389681 a prime number?
True
Is 20164321 a composite number?
False
Is 28971251 a prime number?
True
Is 633671 prime?
False
Is 13268351 a prime number?
True
Is 24827443 composite?
True
Is 23508499 prime?
False
Is 100868527 a composite number?
False
Is 13755369 composite?
True
Is 194613901 composite?
False
Is 3518573 a composite number?
False
Is 4837589 a composite number?
False
Is 88815127 prime?
True
Is 1045903 prime?
True
Is 38267 composite?
True
Is 83683343 a prime number?
False
Is 21806867 composite?
True
Is 142207699 a prime number?
True
Is 6929677 prime?
True
Is 10688609 composite?
False
Is 63338683 prime?
False
Is 142057819 a composite number?
False
Is 1172867 composite?
False
Is 8797579 a prime number?
False
Is 30943613 a composite number?
False
Is 1206563 a prime number?
True
Is 4225283 composite?
False
Is 62505727 prime?
True
Is 26594599 composite?
False
Is 62043907 a prime number?
False
Is 52031399 prime?
False
Is 10749597 composite?
True
Is 474231553 a prime number?
False
Is 7630499 a composite number?
False
Is 2328245 prime?
False
Is 101710583 composite?
True
Is 73235737 composite?
True
Is 1240883 a prime number?
False
Is 897490339 a prime number?
False
Is 99490379 a composite number?
True
Is 228827 a composite number?
True
Is 84191 prime?
True
Is 3614599 prime?
False
Is 8061811 composite?
True
Is 17245 prime?
False
Is 20265391 a prime number?
True
Is 105635809 a composite number?
False
Is 86045081 a prime number?
True
Is 8029993 a composite number?
False
Is 120293 a prime number?
True
Is 3883346 a prime number?
False
Is 16167607 prime?
True
Is 424878169 a composite number?
False
Is 385997 prime?
True
Is 122447973 a prime number?
False
Is 5481193 prime?
False
Is 22517059 prime?
False
Is 21157817 prime?
True
Is 227847817 prime?
True
Is 13605953 prime?
True
Is 32240099 a prime number?
True
Is 23946007 a prime number?
True
Is 3426217 prime?
True
Is 52350293 a composite number?
True
Is 32274617 a prime number?
True
Is 5021987 prime?
False
Is 1960051 a composite number?
False
Is 4975253 composite?
False
Is 4448317 prime?
True
Is 3959143 a composite number?
False
Is 9175913 a composite number?
False
Is 1618849 prime?
True
Is 3900857 a composite number?
False
Is 64277945 composite?
True
Is 217042493 a prime number?
True
Is 1704203 composite?
False
Is 406162799 a prime number?
False
Is 4618129 a prime number?
True
Is 65941481 a prime number?
True
Is 10292561 prime?
True
Is 221758003 prime?
True
Is 60976051 composite?
True
Is 384751 prime?
True
Is 14237439 prime?
False
Is 519683 a prime number?
True
Is 44737859 composite?
False
Is 2495527 prime?
True
Is 7409113 a prime number?
True
Is 10970077 composite?
False
Is 706387 a composite number?
True
Is 1208803 a composite number?
True
Is 5420903 a composite number?
True
Is 1637023 composite?
True
Is 16569695 composite?
True
Is 90577763 prime?
True
Is 8176649 composite?
True
Is 47338099 prime?
False
Is 656063 a composite number?
False
Is 5792779 composite?
True
Is 8064863 composite?
False
Is 4302119 a composite number?
True
Is 11591197 a composite number?
True
Is 3941359 composite?
False
Is 242861 a prime number?
False
Is 13273187 composite?
True
Is 5250557 a composite number?
True
Is 9158411 prime?
True
Is 38264833 a prime number?
False
Is 476610847 composite?
False
Is 119084545 composite?
True
Is 554006 prime?
False
Is 4466333 composite?
True
Is 644678 prime?
False
Is 799341209 composite?
False
Is 1267235 pri